2996?
7
What is the ten thousands digit of 110130?
1
What is the hundred thousands digit of 93106838?
1
What is the ten millions digit of 11601315?
1
What is the hundred thousands digit of 1670973459?
9
What is the hundred millions digit of 702638682?
7
What is the thousands digit of 66460998?
0
What is the units digit of 332203892?
2
What is the hundred thousands digit of 67954006?
9
What is the hundreds digit of 216521026?
0
What is the ten millions digit of 201365036?
0
What is the millions digit of 240521393?
0
What is the hundreds digit of 534865310?
3
What is the hundred millions digit of 501991639?
5
What is the hundred thousands digit of 6708432131?
4
What is the thousands digit of 289696148?
6
What is the millions digit of 153206799?
3
What is the tens digit of 536660070?
7
What is the millions digit of 659047965?
9
What is the millions digit of 48788895?
8
What is the tens digit of 249802053?
5
What is the ten millions digit of 154616659?
5
What is the ten millions digit of 236616968?
3
What is the hundreds digit of 881066460?
4
What is the units digit of 309459834?
4
What is the ten thousands digit of 6131568594?
6
What is the millions digit of 4829714?
4
What is the ten thousands digit of 5137861?
3
What is the hundred thousands digit of 2112264611?
2
What is the tens digit of 35409721?
2
What is the ten thousands digit of 161607246?
0
What is the tens digit of 15154610?
1
What is the millions digit of 62120863?
2
What is the millions digit of 83573866?
3
What is the thousands digit of 216655?
6
What is the thousands digit of 120134590?
4
What is the units digit of 13682215?
5
What is the hundred thousands digit of 167705943?
7
What is the hundreds digit of 1021344274?
2
What is the tens digit of 155811078?
7
What is the hundreds digit of 743553973?
9
What is the units digit of 875960117?
7
What is the ten thousands digit of 479858181?
5
What is the hundred thousands digit of 84833843?
8
What is the units digit of 2983293822?
2
What is the thousands digit of 136102089?
2
What is the millions digit of 641764682?
1
What is the hundreds digit of 19947798?
7
What is the tens digit of 1506253256?
5
What is the tens digit of 1984781243?
4
What is the tens digit of 122845695?
9
What is the tens digit of 455296854?
5
What is the millions digit of 3128158735?
8
What is the thousands digit of 1078206278?
6
What is the tens digit of 43066267?
6
What is the hundred thousands digit of 84489824?
4
What is the hundred thousands digit of 52901752?
9
What is the ten thousands digit of 115940342?
4
What is the thousands digit of 475316087?
6
What is the tens digit of 191114965?
6
What is the thousands digit of 1207811557?
1
What is the ten thousands digit of 120837364?
3
What is the ten thousands digit of 400120073?
2
What is the ten millions digit of 15887544?
1
What is the tens digit of 1617183976?
7
What is the millions digit of 89593125?
9
What is the millions digit of 851159563?
1
What is the ten millions digit of 31307734?
3
What is the ten thousands digit of 2345597?
4
What is the tens digit of 85087152?
5
What is the tens digit of 61702154?
5
What is the hundred thousands digit of 9030935?
0
What is the ten thousands digit of 29281673?
8
What is the ten thousands digit of 16974108?
7
What is the tens digit of 207629683?
8
What is the tens digit of 102971255?
5
What is the ten millions digit of 7280951436?
8
What is the millions digit of 47593495?
7
What is the hundred thousands digit of 454109881?
1
What is the hundreds digit of 76759557?
5
What is the hundreds digit of 1129682543?
5
What is the billions digit of 1077049230?
1
What is the units digit of 584347304?
4
What is the units digit of 139748321?
1
What is the hundred millions digit of 371447451?
3
What is the millions digit of 278866025?
8
What is the millions digit of 291028714?
1
What is the hundreds digit of 3631537210?
2
What is the hundred millions digit of 659144476?
6
What is the tens digit of 77715625?
2
What is the ten thousands digit of 579613317?
1
What is the units digit of 206230578?
8
What is the millions digit of 62965609?
2
What is the tens digit of 87373971?
7
What is the hundred millions digit of 286188994?
2
What is the tens digit of 1308559?
5
What is the ten thousands digit of 345316481?
1
What is the units digit of 63475011?
1
What is the thousands digit of 13982694?
2
What is the tens digit of 8200145?
4
What is the tens digit of 11647938?
3
What is the units digit of 25155207?
7
What is the hundred thousands digit of 1369986756?
9
What is the hundred thousands digit of 2082915323?
9
What is the units digit of 237410335?
5
What is the billions digit of 4473411892?
4
What is the hundreds digit of 116086020?
0
What is the units digit of 571945662?
2
What is the ten millions digit of 2711866549?
1
What is the hundreds digit of 555132487?
4
What is the hundreds digit of 49790485?
4
What is the hundred thousands digit of 86291730?
2
What is the hundred thousands digit of 859665194?
6
What is the ten thousands digit of 49221177?
2
What is the thousands digit of 4555639882?
9
What is the ten millions digit of 467939269?
6
What is the millions digit of 14393088?
4
What is the ten thousands digit of 881548019?
4
What is the billions digit of 1267539321?
1
What is the hundreds digit of 64064405?
4
What is the hundreds digit of 865589505?
5
What is the millions digit of 503571757?
3
What is the thousands digit of 37808909?
8
What is the thousands digit of 539890334?
0
What is the ten millions digit of 199900877?
9
What is the hundred thousands digit of 37261070?
2
What is the thousands digit of 2016742113?
2
What is the units digit of 1727944?
4
What is the millions digit of 41505270?
1
What is the thousands digit of 359436327?
6
What is the tens digit of 21153767?
6
What is the hundreds digit of 102073798?
7
What is the hundred thousands digit of 24537666?
5
What is the hundred millions digit of 221434901?
2
What is the tens digit of 68533242?
4
What is the ten thousands digit of 1496193722?
9
What is the hundred thousands digit of 1778734535?
7
What is the hundred millions digit of 3547937452?
5
What is the millions digit of 1504167885?
4
What is the tens digit of 95157437?
3
What is the hundreds digit of 96443436?
4
What is the hundred thousands digit of 3292555101?
5
What is the hundred millions digit of 151881728?
1
What is the hundreds digit of 2193812539?
5
What is the ten millions digit of 16963344?
1
What is the ten thousands digit of 2008606822?
0
What is the thousands digit of 42849247?
9
What is the ten millions digit of 178302741?
7
What is the hundred thousands digit of 384647835?
6
What is the hundreds digit of 2320070386?
3
What is the hundreds digit of 306810457?
4
What is the ten thousands digit of 5690542379?
4
What is the hundreds digit of 49209424?
4
What is the thousands digit of 10004778?
4
What is the tens digit of 12614848?
4
What is the ten millions digit of 6621674098?
2
What is the units digit of 316072539?
9
What is the millions digit of 210669308?
0
What is the thousands digit of 14894488?
4
What is the units digit of 8218011?
1
What is the thousands digit of 135460441?
0
What is the millions digit of 383997420?
3
What is the millions digit of 1259360527?
9
What is the tens digit of 2173135899?
9
What is the billions digit of 1619904196?
1
What is the hundred millions digit of 589469688?
5
What is the ten thousands digit of 1221676964?
7
What is the units digit of 190167117?
7
What is the hundred millions digit of 3108994382?
1
What is the ten millions digit of 38668253?
3
What is the thousands digit of 716907235?
7
What is the hundred thousands digit of 103183365?
1
What is the thousands digit of 115616546?
6
What is the thousands digit of 133861424?
1
What is the tens digit of 24058482?
8
What is the ten thousands digit of 27349786?
4
What is the millions digit of 3406833291?
6
What is the units digit of 3016498923?
3
What is the hundred millions digit of 264185930?
2
What is the millions digit of 261392201?
1
What is the hundreds digit of 813356190?
1
What is the hundreds digit of 42459712?
7
What is the ten thousands digit of 236824193?
2
What is the ten thousands digit of 2808003886?
0
What is the thousands digit of 21352052?
2
What